{"id":71,"date":"2014-06-03T18:17:03","date_gmt":"2014-06-03T18:17:03","guid":{"rendered":"http:\/\/ejdertrop.de\/?page_id=71"},"modified":"2018-01-04T21:15:32","modified_gmt":"2018-01-04T21:15:32","slug":"hjem","status":"publish","type":"page","link":"https:\/\/ejdergruppe.de\/","title":{"rendered":"Om os"},"content":{"rendered":"<p style=\"text-align: left;\">Velkommen til ejdergruppens hjemmeside.<br \/>\nEjdergruppen er en del af Dansk Spejderkorps Sydslesvig, mindretals spejderkorps med omkring 680 medlemmer i 12 grupper.<br \/>\nVi er den sydligste danske spejdergruppe med 23 flokspejder mellem 7 og 11 \u00e5r, 5 tropspejder mellem 12 og 14 \u00e5r. Og s\u00e5 er der de 3 sk\u00f8re leder, Lars Martens, S\u00f6nke Schr\u00f6der og Lars Ratje-Juhl.<\/p>\n<p>For os er spejderliv friluftsliv. Vi f\u00e6rdes i naturen, tr\u00e6ner spejderf\u00e6rdigheder: morse, knob, pionering, handycraft og woodcraft. For os er friluftsliv ogs\u00e5 at v\u00e6rne om naturen og i f\u00e6llesskab dygtigg\u00f8re os til aktive og bevidste samfundsborgere. I kan kende os p\u00e5 de bl\u00e5 uniformer og de gule t\u00f8rkl\u00e6der \u2013 de slesvigske farver.<\/p>\n<p>Blev du nysgerrig og ku t\u00e6nke dig at v\u00e6re med? S\u00e5 skriv os via vores kontaktformular!<\/p>\n\t\t\t<style>\r\n                #foogallery-gallery-1193.fg-masonry .fg-item {\r\n                    width: 150px;\r\n                    margin-right: 10px;\r\n                    margin-bottom: 10px;\r\n                }\r\n\t\t\t<\/style>\r\n\t\t\t<div class=\"foogallery foogallery-container foogallery-masonry foogallery-lightbox-none fg-center fg-masonry fg-light fg-border-thin fg-shadow-outline fg-loading-default fg-loaded-fade-in fg-caption-hover fg-hover-fade fg-hover-zoom fg-ready fg-fixed\" id=\"foogallery-gallery-1193\" data-foogallery=\"{&quot;item&quot;:{&quot;showCaptionTitle&quot;:true,&quot;showCaptionDescription&quot;:true},&quot;lazy&quot;:true,&quot;template&quot;:{&quot;columnWidth&quot;:150,&quot;gutter&quot;:10}}\" >\r\n\t\t<div class=\"fg-item fg-type-image fg-idle\"><figure class=\"fg-item-inner\"><a href=\"https:\/\/ejdergruppe.de\/wp-content\/uploads\/2018\/01\/WhatsApp-Image-2017-12-31-at-10.36.04.jpeg\" data-attachment-id=\"1140\" class=\"fg-thumb\"><span class=\"fg-image-wrap\"><img width=\"150\" height=\"100\" class=\"skip-lazy fg-image\" data-src-fg=\"https:\/\/ejdergruppe.de\/wp-content\/uploads\/cache\/2018\/01\/WhatsApp-Image-2017-12-31-at-10_36_04\/4075147755.jpeg\" src=\"data:image\/svg+xml,%3Csvg%20xmlns%3D%22http%3A%2F%2Fwww.w3.org%2F2000%2Fsvg%22%20width%3D%22150%22%20height%3D%22100%22%20viewBox%3D%220%200%20150%20100%22%3E%3C%2Fsvg%3E\" loading=\"eager\"><\/span><span class=\"fg-image-overlay\"><\/span><\/a><figcaption class=\"fg-caption\"><div class=\"fg-caption-inner\"><\/div><\/figcaption><\/figure><div class=\"fg-loader\"><\/div><\/div><div class=\"fg-item fg-type-image fg-idle\"><figure class=\"fg-item-inner\"><a href=\"https:\/\/ejdergruppe.de\/wp-content\/uploads\/2018\/01\/DSC02307-e1515099941650.jpg\" data-attachment-id=\"1139\" class=\"fg-thumb\"><span class=\"fg-image-wrap\"><img width=\"150\" height=\"113\" class=\"skip-lazy fg-image\" data-src-fg=\"https:\/\/ejdergruppe.de\/wp-content\/uploads\/cache\/2018\/01\/DSC02307-e1515099941650\/1913759961.jpg\" src=\"data:image\/svg+xml,%3Csvg%20xmlns%3D%22http%3A%2F%2Fwww.w3.org%2F2000%2Fsvg%22%20width%3D%22150%22%20height%3D%22113%22%20viewBox%3D%220%200%20150%20113%22%3E%3C%2Fsvg%3E\" loading=\"eager\"><\/span><span class=\"fg-image-overlay\"><\/span><\/a><figcaption class=\"fg-caption\"><div class=\"fg-caption-inner\"><\/div><\/figcaption><\/figure><div class=\"fg-loader\"><\/div><\/div><div class=\"fg-item fg-type-image fg-idle\"><figure class=\"fg-item-inner\"><a href=\"https:\/\/ejdergruppe.de\/wp-content\/uploads\/2018\/01\/DSC02176-e1515100074157.jpg\" data-attachment-id=\"1138\" class=\"fg-thumb\"><span class=\"fg-image-wrap\"><img width=\"150\" height=\"113\" class=\"skip-lazy fg-image\" data-src-fg=\"https:\/\/ejdergruppe.de\/wp-content\/uploads\/cache\/2018\/01\/DSC02176-e1515100074157\/1574016590.jpg\" src=\"data:image\/svg+xml,%3Csvg%20xmlns%3D%22http%3A%2F%2Fwww.w3.org%2F2000%2Fsvg%22%20width%3D%22150%22%20height%3D%22113%22%20viewBox%3D%220%200%20150%20113%22%3E%3C%2Fsvg%3E\" loading=\"eager\"><\/span><span class=\"fg-image-overlay\"><\/span><\/a><figcaption class=\"fg-caption\"><div class=\"fg-caption-inner\"><\/div><\/figcaption><\/figure><div class=\"fg-loader\"><\/div><\/div><div class=\"fg-item fg-type-image fg-idle\"><figure class=\"fg-item-inner\"><a href=\"https:\/\/ejdergruppe.de\/wp-content\/uploads\/2018\/01\/DSC02291-e1515100097199.jpg\" data-attachment-id=\"1136\" class=\"fg-thumb\"><span class=\"fg-image-wrap\"><img width=\"150\" height=\"200\" class=\"skip-lazy fg-image\" data-src-fg=\"https:\/\/ejdergruppe.de\/wp-content\/uploads\/cache\/2018\/01\/DSC02291-e1515100097199\/2539948898.jpg\" src=\"data:image\/svg+xml,%3Csvg%20xmlns%3D%22http%3A%2F%2Fwww.w3.org%2F2000%2Fsvg%22%20width%3D%22150%22%20height%3D%22200%22%20viewBox%3D%220%200%20150%20200%22%3E%3C%2Fsvg%3E\" loading=\"eager\"><\/span><span class=\"fg-image-overlay\"><\/span><\/a><figcaption class=\"fg-caption\"><div class=\"fg-caption-inner\"><\/div><\/figcaption><\/figure><div class=\"fg-loader\"><\/div><\/div><div class=\"fg-item fg-type-image fg-idle\"><figure class=\"fg-item-inner\"><a href=\"https:\/\/ejdergruppe.de\/wp-content\/uploads\/2018\/01\/20170611_134355-e1515100111836.jpg\" data-attachment-id=\"1134\" class=\"fg-thumb\"><span class=\"fg-image-wrap\"><img width=\"150\" height=\"84\" class=\"skip-lazy fg-image\" data-src-fg=\"https:\/\/ejdergruppe.de\/wp-content\/uploads\/cache\/2018\/01\/20170611_134355-e1515100111836\/3280234733.jpg\" src=\"data:image\/svg+xml,%3Csvg%20xmlns%3D%22http%3A%2F%2Fwww.w3.org%2F2000%2Fsvg%22%20width%3D%22150%22%20height%3D%2284%22%20viewBox%3D%220%200%20150%2084%22%3E%3C%2Fsvg%3E\" loading=\"eager\"><\/span><span class=\"fg-image-overlay\"><\/span><\/a><figcaption class=\"fg-caption\"><div class=\"fg-caption-inner\"><\/div><\/figcaption><\/figure><div class=\"fg-loader\"><\/div><\/div><div class=\"fg-item fg-type-image fg-idle\"><figure class=\"fg-item-inner\"><a href=\"https:\/\/ejdergruppe.de\/wp-content\/uploads\/2018\/01\/20170401_125614-e1515100133152.jpg\" data-attachment-id=\"1133\" class=\"fg-thumb\"><span class=\"fg-image-wrap\"><img width=\"150\" height=\"84\" class=\"skip-lazy fg-image\" data-src-fg=\"https:\/\/ejdergruppe.de\/wp-content\/uploads\/cache\/2018\/01\/20170401_125614-e1515100133152\/3043182912.jpg\" src=\"data:image\/svg+xml,%3Csvg%20xmlns%3D%22http%3A%2F%2Fwww.w3.org%2F2000%2Fsvg%22%20width%3D%22150%22%20height%3D%2284%22%20viewBox%3D%220%200%20150%2084%22%3E%3C%2Fsvg%3E\" loading=\"eager\"><\/span><span class=\"fg-image-overlay\"><\/span><\/a><figcaption class=\"fg-caption\"><div class=\"fg-caption-inner\"><\/div><\/figcaption><\/figure><div class=\"fg-loader\"><\/div><\/div><div class=\"fg-item fg-type-image fg-idle\"><figure class=\"fg-item-inner\"><a href=\"https:\/\/ejdergruppe.de\/wp-content\/uploads\/2018\/01\/20161015_083809-e1515100146835.jpg\" data-attachment-id=\"1132\" class=\"fg-thumb\"><span class=\"fg-image-wrap\"><img width=\"150\" height=\"84\" class=\"skip-lazy fg-image\" data-src-fg=\"https:\/\/ejdergruppe.de\/wp-content\/uploads\/cache\/2018\/01\/20161015_083809-e1515100146835\/2005986520.jpg\" src=\"data:image\/svg+xml,%3Csvg%20xmlns%3D%22http%3A%2F%2Fwww.w3.org%2F2000%2Fsvg%22%20width%3D%22150%22%20height%3D%2284%22%20viewBox%3D%220%200%20150%2084%22%3E%3C%2Fsvg%3E\" loading=\"eager\"><\/span><span class=\"fg-image-overlay\"><\/span><\/a><figcaption class=\"fg-caption\"><div class=\"fg-caption-inner\"><\/div><\/figcaption><\/figure><div class=\"fg-loader\"><\/div><\/div><div class=\"fg-item fg-type-image fg-idle\"><figure class=\"fg-item-inner\"><a href=\"https:\/\/ejdergruppe.de\/wp-content\/uploads\/2018\/01\/20161014_180020-e1515100171921.jpg\" data-attachment-id=\"1131\" class=\"fg-thumb\"><span class=\"fg-image-wrap\"><img width=\"150\" height=\"84\" class=\"skip-lazy fg-image\" data-src-fg=\"https:\/\/ejdergruppe.de\/wp-content\/uploads\/cache\/2018\/01\/20161014_180020-e1515100171921\/3368133353.jpg\" src=\"data:image\/svg+xml,%3Csvg%20xmlns%3D%22http%3A%2F%2Fwww.w3.org%2F2000%2Fsvg%22%20width%3D%22150%22%20height%3D%2284%22%20viewBox%3D%220%200%20150%2084%22%3E%3C%2Fsvg%3E\" loading=\"eager\"><\/span><span class=\"fg-image-overlay\"><\/span><\/a><figcaption class=\"fg-caption\"><div class=\"fg-caption-inner\"><\/div><\/figcaption><\/figure><div class=\"fg-loader\"><\/div><\/div><div class=\"fg-item fg-type-image fg-idle\"><figure class=\"fg-item-inner\"><a href=\"https:\/\/ejdergruppe.de\/wp-content\/uploads\/2018\/01\/20161014_165655-e1515100188497.jpg\" data-attachment-id=\"1130\" class=\"fg-thumb\"><span class=\"fg-image-wrap\"><img width=\"150\" height=\"84\" class=\"skip-lazy fg-image\" data-src-fg=\"https:\/\/ejdergruppe.de\/wp-content\/uploads\/cache\/2018\/01\/20161014_165655-e1515100188497\/2694374020.jpg\" src=\"data:image\/svg+xml,%3Csvg%20xmlns%3D%22http%3A%2F%2Fwww.w3.org%2F2000%2Fsvg%22%20width%3D%22150%22%20height%3D%2284%22%20viewBox%3D%220%200%20150%2084%22%3E%3C%2Fsvg%3E\" loading=\"eager\"><\/span><span class=\"fg-image-overlay\"><\/span><\/a><figcaption class=\"fg-caption\"><div class=\"fg-caption-inner\"><\/div><\/figcaption><\/figure><div class=\"fg-loader\"><\/div><\/div><div class=\"fg-item fg-type-image fg-idle\"><figure class=\"fg-item-inner\"><a href=\"https:\/\/ejdergruppe.de\/wp-content\/uploads\/2018\/01\/sommerlejr-2016_dag-4-23.jpg\" data-attachment-id=\"1129\" class=\"fg-thumb\"><span class=\"fg-image-wrap\"><img width=\"150\" height=\"84\" class=\"skip-lazy fg-image\" data-src-fg=\"https:\/\/ejdergruppe.de\/wp-content\/uploads\/cache\/2018\/01\/sommerlejr-2016_dag-4-23\/1331438170.jpg\" src=\"data:image\/svg+xml,%3Csvg%20xmlns%3D%22http%3A%2F%2Fwww.w3.org%2F2000%2Fsvg%22%20width%3D%22150%22%20height%3D%2284%22%20viewBox%3D%220%200%20150%2084%22%3E%3C%2Fsvg%3E\" loading=\"eager\"><\/span><span class=\"fg-image-overlay\"><\/span><\/a><figcaption class=\"fg-caption\"><div class=\"fg-caption-inner\"><\/div><\/figcaption><\/figure><div class=\"fg-loader\"><\/div><\/div><div class=\"fg-item fg-type-image fg-idle\"><figure class=\"fg-item-inner\"><a href=\"https:\/\/ejdergruppe.de\/wp-content\/uploads\/2018\/01\/sommerlejr-2016_dag-4-2-e1515100204887.jpg\" data-attachment-id=\"1128\" class=\"fg-thumb\"><span class=\"fg-image-wrap\"><img width=\"150\" height=\"84\" class=\"skip-lazy fg-image\" data-src-fg=\"https:\/\/ejdergruppe.de\/wp-content\/uploads\/cache\/2018\/01\/sommerlejr-2016_dag-4-2-e1515100204887\/3379423378.jpg\" src=\"data:image\/svg+xml,%3Csvg%20xmlns%3D%22http%3A%2F%2Fwww.w3.org%2F2000%2Fsvg%22%20width%3D%22150%22%20height%3D%2284%22%20viewBox%3D%220%200%20150%2084%22%3E%3C%2Fsvg%3E\" loading=\"eager\"><\/span><span class=\"fg-image-overlay\"><\/span><\/a><figcaption class=\"fg-caption\"><div class=\"fg-caption-inner\"><\/div><\/figcaption><\/figure><div class=\"fg-loader\"><\/div><\/div><div class=\"fg-item fg-type-image fg-idle\"><figure class=\"fg-item-inner\"><a href=\"https:\/\/ejdergruppe.de\/wp-content\/uploads\/2018\/01\/sommerlejr-2016_dag-3-14-e1515100217106.jpg\" data-attachment-id=\"1127\" class=\"fg-thumb\"><span class=\"fg-image-wrap\"><img width=\"150\" height=\"84\" class=\"skip-lazy fg-image\" data-src-fg=\"https:\/\/ejdergruppe.de\/wp-content\/uploads\/cache\/2018\/01\/sommerlejr-2016_dag-3-14-e1515100217106\/2680935167.jpg\" src=\"data:image\/svg+xml,%3Csvg%20xmlns%3D%22http%3A%2F%2Fwww.w3.org%2F2000%2Fsvg%22%20width%3D%22150%22%20height%3D%2284%22%20viewBox%3D%220%200%20150%2084%22%3E%3C%2Fsvg%3E\" loading=\"eager\"><\/span><span class=\"fg-image-overlay\"><\/span><\/a><figcaption class=\"fg-caption\"><div class=\"fg-caption-inner\"><\/div><\/figcaption><\/figure><div class=\"fg-loader\"><\/div><\/div><div class=\"fg-item fg-type-image fg-idle\"><figure class=\"fg-item-inner\"><a href=\"https:\/\/ejdergruppe.de\/wp-content\/uploads\/2018\/01\/sommerlejr-2016_dag-1-10-e1515100229186.jpg\" data-attachment-id=\"1126\" class=\"fg-thumb\"><span class=\"fg-image-wrap\"><img width=\"150\" height=\"84\" class=\"skip-lazy fg-image\" data-src-fg=\"https:\/\/ejdergruppe.de\/wp-content\/uploads\/cache\/2018\/01\/sommerlejr-2016_dag-1-10-e1515100229186\/1043585398.jpg\" src=\"data:image\/svg+xml,%3Csvg%20xmlns%3D%22http%3A%2F%2Fwww.w3.org%2F2000%2Fsvg%22%20width%3D%22150%22%20height%3D%2284%22%20viewBox%3D%220%200%20150%2084%22%3E%3C%2Fsvg%3E\" loading=\"eager\"><\/span><span class=\"fg-image-overlay\"><\/span><\/a><figcaption class=\"fg-caption\"><div class=\"fg-caption-inner\"><\/div><\/figcaption><\/figure><div class=\"fg-loader\"><\/div><\/div><div class=\"fg-item fg-type-image fg-idle\"><figure class=\"fg-item-inner\"><a href=\"https:\/\/ejdergruppe.de\/wp-content\/uploads\/2018\/01\/sommerlejr-2016_dag-5-22.jpg\" data-attachment-id=\"1125\" class=\"fg-thumb\"><span class=\"fg-image-wrap\"><img width=\"150\" height=\"113\" class=\"skip-lazy fg-image\" data-src-fg=\"https:\/\/ejdergruppe.de\/wp-content\/uploads\/cache\/2018\/01\/sommerlejr-2016_dag-5-22\/3445642823.jpg\" src=\"data:image\/svg+xml,%3Csvg%20xmlns%3D%22http%3A%2F%2Fwww.w3.org%2F2000%2Fsvg%22%20width%3D%22150%22%20height%3D%22113%22%20viewBox%3D%220%200%20150%20113%22%3E%3C%2Fsvg%3E\" loading=\"eager\"><\/span><span class=\"fg-image-overlay\"><\/span><\/a><figcaption class=\"fg-caption\"><div class=\"fg-caption-inner\"><\/div><\/figcaption><\/figure><div class=\"fg-loader\"><\/div><\/div><div class=\"fg-item fg-type-image fg-idle\"><figure class=\"fg-item-inner\"><a href=\"https:\/\/ejdergruppe.de\/wp-content\/uploads\/2018\/01\/DSC_0031-e1515100242676.jpg\" data-attachment-id=\"1124\" class=\"fg-thumb\"><span class=\"fg-image-wrap\"><img width=\"150\" height=\"84\" class=\"skip-lazy fg-image\" data-src-fg=\"https:\/\/ejdergruppe.de\/wp-content\/uploads\/cache\/2018\/01\/DSC_0031-e1515100242676\/2697027127.jpg\" src=\"data:image\/svg+xml,%3Csvg%20xmlns%3D%22http%3A%2F%2Fwww.w3.org%2F2000%2Fsvg%22%20width%3D%22150%22%20height%3D%2284%22%20viewBox%3D%220%200%20150%2084%22%3E%3C%2Fsvg%3E\" loading=\"eager\"><\/span><span class=\"fg-image-overlay\"><\/span><\/a><figcaption class=\"fg-caption\"><div class=\"fg-caption-inner\"><\/div><\/figcaption><\/figure><div class=\"fg-loader\"><\/div><\/div><div class=\"fg-item fg-type-image fg-idle\"><figure class=\"fg-item-inner\"><a href=\"https:\/\/ejdergruppe.de\/wp-content\/uploads\/2018\/01\/IMG-20160711-WA0005.jpg\" data-attachment-id=\"1123\" class=\"fg-thumb\"><span class=\"fg-image-wrap\"><img width=\"150\" height=\"84\" class=\"skip-lazy fg-image\" data-src-fg=\"https:\/\/ejdergruppe.de\/wp-content\/uploads\/cache\/2018\/01\/IMG-20160711-WA0005\/1796336457.jpg\" src=\"data:image\/svg+xml,%3Csvg%20xmlns%3D%22http%3A%2F%2Fwww.w3.org%2F2000%2Fsvg%22%20width%3D%22150%22%20height%3D%2284%22%20viewBox%3D%220%200%20150%2084%22%3E%3C%2Fsvg%3E\" loading=\"eager\"><\/span><span class=\"fg-image-overlay\"><\/span><\/a><figcaption class=\"fg-caption\"><div class=\"fg-caption-inner\"><\/div><\/figcaption><\/figure><div class=\"fg-loader\"><\/div><\/div><div class=\"fg-item fg-type-image fg-idle\"><figure class=\"fg-item-inner\"><a href=\"https:\/\/ejdergruppe.de\/wp-content\/uploads\/2018\/01\/DSC_0149-e1515100253395.jpg\" data-attachment-id=\"1122\" class=\"fg-thumb\"><span class=\"fg-image-wrap\"><img width=\"150\" height=\"84\" class=\"skip-lazy fg-image\" data-src-fg=\"https:\/\/ejdergruppe.de\/wp-content\/uploads\/cache\/2018\/01\/DSC_0149-e1515100253395\/4030652572.jpg\" src=\"data:image\/svg+xml,%3Csvg%20xmlns%3D%22http%3A%2F%2Fwww.w3.org%2F2000%2Fsvg%22%20width%3D%22150%22%20height%3D%2284%22%20viewBox%3D%220%200%20150%2084%22%3E%3C%2Fsvg%3E\" loading=\"eager\"><\/span><span class=\"fg-image-overlay\"><\/span><\/a><figcaption class=\"fg-caption\"><div class=\"fg-caption-inner\"><\/div><\/figcaption><\/figure><div class=\"fg-loader\"><\/div><\/div><div class=\"fg-item fg-type-image fg-idle\"><figure class=\"fg-item-inner\"><a href=\"https:\/\/ejdergruppe.de\/wp-content\/uploads\/2016\/11\/20160312_180933-e1515100280281.jpg\" data-attachment-id=\"793\" class=\"fg-thumb\"><span class=\"fg-image-wrap\"><img width=\"150\" height=\"84\" class=\"skip-lazy fg-image\" data-src-fg=\"https:\/\/ejdergruppe.de\/wp-content\/uploads\/cache\/2016\/11\/20160312_180933-e1515100280281\/37472413.jpg\" src=\"data:image\/svg+xml,%3Csvg%20xmlns%3D%22http%3A%2F%2Fwww.w3.org%2F2000%2Fsvg%22%20width%3D%22150%22%20height%3D%2284%22%20viewBox%3D%220%200%20150%2084%22%3E%3C%2Fsvg%3E\" loading=\"eager\"><\/span><span class=\"fg-image-overlay\"><\/span><\/a><figcaption class=\"fg-caption\"><div class=\"fg-caption-inner\"><\/div><\/figcaption><\/figure><div class=\"fg-loader\"><\/div><\/div><div class=\"fg-item fg-type-image fg-idle\"><figure class=\"fg-item-inner\"><a href=\"https:\/\/ejdergruppe.de\/wp-content\/uploads\/2016\/11\/20160312_162210-e1515100300160.jpg\" data-attachment-id=\"791\" class=\"fg-thumb\"><span class=\"fg-image-wrap\"><img width=\"150\" height=\"84\" class=\"skip-lazy fg-image\" data-src-fg=\"https:\/\/ejdergruppe.de\/wp-content\/uploads\/cache\/2016\/11\/20160312_162210-e1515100300160\/1976745118.jpg\" src=\"data:image\/svg+xml,%3Csvg%20xmlns%3D%22http%3A%2F%2Fwww.w3.org%2F2000%2Fsvg%22%20width%3D%22150%22%20height%3D%2284%22%20viewBox%3D%220%200%20150%2084%22%3E%3C%2Fsvg%3E\" loading=\"eager\"><\/span><span class=\"fg-image-overlay\"><\/span><\/a><figcaption class=\"fg-caption\"><div class=\"fg-caption-inner\"><\/div><\/figcaption><\/figure><div class=\"fg-loader\"><\/div><\/div><div class=\"fg-item fg-type-image fg-idle\"><figure class=\"fg-item-inner\"><a href=\"https:\/\/ejdergruppe.de\/wp-content\/uploads\/2016\/11\/20160312_114601-e1515100321797.jpg\" data-attachment-id=\"784\" class=\"fg-thumb\"><span class=\"fg-image-wrap\"><img width=\"150\" height=\"84\" class=\"skip-lazy fg-image\" data-src-fg=\"https:\/\/ejdergruppe.de\/wp-content\/uploads\/cache\/2016\/11\/20160312_114601-e1515100321797\/533346927.jpg\" src=\"data:image\/svg+xml,%3Csvg%20xmlns%3D%22http%3A%2F%2Fwww.w3.org%2F2000%2Fsvg%22%20width%3D%22150%22%20height%3D%2284%22%20viewBox%3D%220%200%20150%2084%22%3E%3C%2Fsvg%3E\" loading=\"eager\"><\/span><span class=\"fg-image-overlay\"><\/span><\/a><figcaption class=\"fg-caption\"><div class=\"fg-caption-inner\"><\/div><\/figcaption><\/figure><div class=\"fg-loader\"><\/div><\/div><div class=\"fg-item fg-type-image fg-idle\"><figure class=\"fg-item-inner\"><a href=\"https:\/\/ejdergruppe.de\/wp-content\/uploads\/2016\/11\/20160312_113728-e1515100336487.jpg\" data-attachment-id=\"783\" class=\"fg-thumb\"><span class=\"fg-image-wrap\"><img width=\"150\" height=\"84\" class=\"skip-lazy fg-image\" data-src-fg=\"https:\/\/ejdergruppe.de\/wp-content\/uploads\/cache\/2016\/11\/20160312_113728-e1515100336487\/3030707763.jpg\" src=\"data:image\/svg+xml,%3Csvg%20xmlns%3D%22http%3A%2F%2Fwww.w3.org%2F2000%2Fsvg%22%20width%3D%22150%22%20height%3D%2284%22%20viewBox%3D%220%200%20150%2084%22%3E%3C%2Fsvg%3E\" loading=\"eager\"><\/span><span class=\"fg-image-overlay\"><\/span><\/a><figcaption class=\"fg-caption\"><div class=\"fg-caption-inner\"><\/div><\/figcaption><\/figure><div class=\"fg-loader\"><\/div><\/div><div class=\"fg-item fg-type-image fg-idle\"><figure class=\"fg-item-inner\"><a href=\"https:\/\/ejdergruppe.de\/wp-content\/uploads\/2016\/11\/20160312_110834-e1515100350960.jpg\" data-attachment-id=\"781\" class=\"fg-thumb\"><span class=\"fg-image-wrap\"><img width=\"150\" height=\"84\" class=\"skip-lazy fg-image\" data-src-fg=\"https:\/\/ejdergruppe.de\/wp-content\/uploads\/cache\/2016\/11\/20160312_110834-e1515100350960\/2342286941.jpg\" src=\"data:image\/svg+xml,%3Csvg%20xmlns%3D%22http%3A%2F%2Fwww.w3.org%2F2000%2Fsvg%22%20width%3D%22150%22%20height%3D%2284%22%20viewBox%3D%220%200%20150%2084%22%3E%3C%2Fsvg%3E\" loading=\"eager\"><\/span><span class=\"fg-image-overlay\"><\/span><\/a><figcaption class=\"fg-caption\"><div class=\"fg-caption-inner\"><\/div><\/figcaption><\/figure><div class=\"fg-loader\"><\/div><\/div><div class=\"fg-item fg-type-image fg-idle\"><figure class=\"fg-item-inner\"><a href=\"https:\/\/ejdergruppe.de\/wp-content\/uploads\/2016\/11\/20160312_093130-e1515100370550.jpg\" data-attachment-id=\"776\" class=\"fg-thumb\"><span class=\"fg-image-wrap\"><img width=\"150\" height=\"84\" class=\"skip-lazy fg-image\" data-src-fg=\"https:\/\/ejdergruppe.de\/wp-content\/uploads\/cache\/2016\/11\/20160312_093130-e1515100370550\/1723692935.jpg\" src=\"data:image\/svg+xml,%3Csvg%20xmlns%3D%22http%3A%2F%2Fwww.w3.org%2F2000%2Fsvg%22%20width%3D%22150%22%20height%3D%2284%22%20viewBox%3D%220%200%20150%2084%22%3E%3C%2Fsvg%3E\" loading=\"eager\"><\/span><span class=\"fg-image-overlay\"><\/span><\/a><figcaption class=\"fg-caption\"><div class=\"fg-caption-inner\"><\/div><\/figcaption><\/figure><div class=\"fg-loader\"><\/div><\/div><div class=\"fg-item fg-type-image fg-idle\"><figure class=\"fg-item-inner\"><a href=\"https:\/\/ejdergruppe.de\/wp-content\/uploads\/2016\/11\/20160312_093117-e1515100382823.jpg\" data-attachment-id=\"775\" class=\"fg-thumb\"><span class=\"fg-image-wrap\"><img width=\"150\" height=\"84\" class=\"skip-lazy fg-image\" data-src-fg=\"https:\/\/ejdergruppe.de\/wp-content\/uploads\/cache\/2016\/11\/20160312_093117-e1515100382823\/3232242030.jpg\" src=\"data:image\/svg+xml,%3Csvg%20xmlns%3D%22http%3A%2F%2Fwww.w3.org%2F2000%2Fsvg%22%20width%3D%22150%22%20height%3D%2284%22%20viewBox%3D%220%200%20150%2084%22%3E%3C%2Fsvg%3E\" loading=\"eager\"><\/span><span class=\"fg-image-overlay\"><\/span><\/a><figcaption class=\"fg-caption\"><div class=\"fg-caption-inner\"><\/div><\/figcaption><\/figure><div class=\"fg-loader\"><\/div><\/div><div class=\"fg-item fg-type-image fg-idle\"><figure class=\"fg-item-inner\"><a href=\"https:\/\/ejdergruppe.de\/wp-content\/uploads\/2016\/11\/20160312_092005-e1515100394347.jpg\" data-attachment-id=\"774\" class=\"fg-thumb\"><span class=\"fg-image-wrap\"><img width=\"150\" height=\"84\" class=\"skip-lazy fg-image\" data-src-fg=\"https:\/\/ejdergruppe.de\/wp-content\/uploads\/cache\/2016\/11\/20160312_092005-e1515100394347\/819447155.jpg\" src=\"data:image\/svg+xml,%3Csvg%20xmlns%3D%22http%3A%2F%2Fwww.w3.org%2F2000%2Fsvg%22%20width%3D%22150%22%20height%3D%2284%22%20viewBox%3D%220%200%20150%2084%22%3E%3C%2Fsvg%3E\" loading=\"eager\"><\/span><span class=\"fg-image-overlay\"><\/span><\/a><figcaption class=\"fg-caption\"><div class=\"fg-caption-inner\"><\/div><\/figcaption><\/figure><div class=\"fg-loader\"><\/div><\/div><div class=\"fg-item fg-type-image fg-idle\"><figure class=\"fg-item-inner\"><a href=\"https:\/\/ejdergruppe.de\/wp-content\/uploads\/2016\/11\/20160311_184913-e1515100415183.jpg\" data-attachment-id=\"768\" class=\"fg-thumb\"><span class=\"fg-image-wrap\"><img width=\"150\" height=\"84\" class=\"skip-lazy fg-image\" data-src-fg=\"https:\/\/ejdergruppe.de\/wp-content\/uploads\/cache\/2016\/11\/20160311_184913-e1515100415183\/1003786471.jpg\" src=\"data:image\/svg+xml,%3Csvg%20xmlns%3D%22http%3A%2F%2Fwww.w3.org%2F2000%2Fsvg%22%20width%3D%22150%22%20height%3D%2284%22%20viewBox%3D%220%200%20150%2084%22%3E%3C%2Fsvg%3E\" loading=\"eager\"><\/span><span class=\"fg-image-overlay\"><\/span><\/a><figcaption class=\"fg-caption\"><div class=\"fg-caption-inner\"><\/div><\/figcaption><\/figure><div class=\"fg-loader\"><\/div><\/div><\/div>\n","protected":false},"excerpt":{"rendered":"<p>Velkommen til ejdergruppens hjemmeside. Ejdergruppen er en del af Dansk Spejderkorps Sydslesvig, mindretals spejderkorps med omkring 680 medlemmer i 12 grupper. Vi er den sydligste danske spejdergruppe med 23 flokspejder mellem 7 og 11 \u00e5r, 5 tropspejder mellem 12 og 14 \u00e5r. Og s\u00e5 er der de 3 sk\u00f8re leder, Lars Martens, S\u00f6nke Schr\u00f6der og Lars Ratje-Juhl. For os er spejderliv friluftsliv. Vi f\u00e6rdes i naturen, tr\u00e6ner spejderf\u00e6rdigheder: morse, knob, pionering, handycraft og woodcraft. For os er friluftsliv ogs\u00e5 at&#8230;<\/p>\n<p class=\"read-more\"><a class=\"btn btn-default\" href=\"https:\/\/ejdergruppe.de\/\">Weiterlesen<span class=\"screen-reader-text\"> Weiterlesen<\/span><\/a><\/p>\n","protected":false},"author":1,"featured_media":0,"parent":0,"menu_order":0,"comment_status":"closed","ping_status":"closed","template":"","meta":{"footnotes":""},"_links":{"self":[{"href":"https:\/\/ejdergruppe.de\/index.php?rest_route=\/wp\/v2\/pages\/71"}],"collection":[{"href":"https:\/\/ejdergruppe.de\/index.php?rest_route=\/wp\/v2\/pages"}],"about":[{"href":"https:\/\/ejdergruppe.de\/index.php?rest_route=\/wp\/v2\/types\/page"}],"author":[{"embeddable":true,"href":"https:\/\/ejdergruppe.de\/index.php?rest_route=\/wp\/v2\/users\/1"}],"replies":[{"embeddable":true,"href":"https:\/\/ejdergruppe.de\/index.php?rest_route=%2Fwp%2Fv2%2Fcomments&post=71"}],"version-history":[{"count":12,"href":"https:\/\/ejdergruppe.de\/index.php?rest_route=\/wp\/v2\/pages\/71\/revisions"}],"predecessor-version":[{"id":1290,"href":"https:\/\/ejdergruppe.de\/index.php?rest_route=\/wp\/v2\/pages\/71\/revisions\/1290"}],"wp:attachment":[{"href":"https:\/\/ejdergruppe.de\/index.php?rest_route=%2Fwp%2Fv2%2Fmedia&parent=71"}],"curies":[{"name":"wp","href":"https:\/\/api.w.org\/{rel}","templated":true}]}}